{"id":242,"date":"2023-02-12T17:17:30","date_gmt":"2023-02-12T16:17:30","guid":{"rendered":"http:\/\/www.srdcemproradost.cz\/obchod\/?page_id=242"},"modified":"2024-01-12T17:06:13","modified_gmt":"2024-01-12T16:06:13","slug":"uvod","status":"publish","type":"page","link":"http:\/\/www.srdcemproradost.cz\/obchod\/uvod\/","title":{"rendered":""},"content":{"rendered":"<div class=\"wp-block-image is-style-default\"><figure class=\"alignleft size-full is-resized\"><img loading=\"lazy\" decoding=\"async\" width=\"633\" height=\"625\" src=\"http:\/\/www.srdcemproradost.cz\/wp-content\/uploads\/2024\/01\/IMG_20230509_084255.jpg\" alt=\"\" class=\"wp-image-668\" style=\"aspect-ratio:1;object-fit:cover;width:259px;height:auto\" srcset=\"http:\/\/www.srdcemproradost.cz\/wp-content\/uploads\/2024\/01\/IMG_20230509_084255.jpg 633w, http:\/\/www.srdcemproradost.cz\/wp-content\/uploads\/2024\/01\/IMG_20230509_084255-300x296.jpg 300w, http:\/\/www.srdcemproradost.cz\/wp-content\/uploads\/2024\/01\/IMG_20230509_084255-600x592.jpg 600w, http:\/\/www.srdcemproradost.cz\/wp-content\/uploads\/2024\/01\/IMG_20230509_084255-100x100.jpg 100w\" sizes=\"auto, (max-width: 633px) 100vw, 633px\" \/><\/figure><\/div><p align=\"justify\">Ahoj! V\u00edt\u00e1m V\u00e1s na str\u00e1nk\u00e1ch srdcemproradost.cz. Tyto str\u00e1nky jsou pln\u00e9 radosti, l\u00e1sky, relaxace a pozitivn\u00ed energie. A jak vlastn\u011b vznikly? Jsem fyzioterapeutka, kter\u00e1 v\u00a0sob\u011b v\u00a0dob\u011b covidu objevila kreativn\u00edho ducha. Nejprve jsem za\u010dala malovat pro radost sob\u011b a pozd\u011bji jsem zjistila, \u017ee m\u00e9 v\u00fdrobky ned\u011blaj\u00ed radost jenom mn\u011b, ale i lidem okolo m\u011b. A tak jsem se rozhodla, \u017ee krom\u011b t\u011bla budu l\u00e9\u010dit i tu na\u0161i du\u0161i\u010dku\ud83e\udd17.<\/p><div class=\"wp-block-image\"><figure class=\"alignright size-medium is-resized\"><img loading=\"lazy\" decoding=\"async\" width=\"300\" height=\"295\" src=\"http:\/\/www.srdcemproradost.cz\/wp-content\/uploads\/2023\/12\/IMG_20231227_122541-300x295.jpg\" alt=\"\" class=\"wp-image-662\" style=\"aspect-ratio:1;object-fit:cover;width:206px;height:auto\" srcset=\"http:\/\/www.srdcemproradost.cz\/wp-content\/uploads\/2023\/12\/IMG_20231227_122541-300x295.jpg 300w, http:\/\/www.srdcemproradost.cz\/wp-content\/uploads\/2023\/12\/IMG_20231227_122541-1024x1006.jpg 1024w, http:\/\/www.srdcemproradost.cz\/wp-content\/uploads\/2023\/12\/IMG_20231227_122541-768x754.jpg 768w, http:\/\/www.srdcemproradost.cz\/wp-content\/uploads\/2023\/12\/IMG_20231227_122541-1536x1509.jpg 1536w, http:\/\/www.srdcemproradost.cz\/wp-content\/uploads\/2023\/12\/IMG_20231227_122541-2048x2011.jpg 2048w, http:\/\/www.srdcemproradost.cz\/wp-content\/uploads\/2023\/12\/IMG_20231227_122541-600x589.jpg 600w\" sizes=\"auto, (max-width: 300px) 100vw, 300px\" \/><\/figure><\/div><p align=\"justify\">Dneska nejrad\u011bji maluji sv\u00edcny nebo obr\u00e1zky a to bu\u010f podle sebe, co m\u011b napadne, nebo na p\u0159\u00e1n\u00ed do barev, kter\u00e9 m\u00e1 doty\u010dn\u00fd r\u00e1d. Z toho plyne, \u017ee maluju bu\u010f na p\u0159\u00e1n\u00ed, nebo si ka\u017ed\u00fd najde mandalu pro sebe z ji\u017e namalovan\u00fdch kousk\u016f. A proto\u017ee mi \u010dasto chod\u00ed dotazy, jestli m\u00e1m voln\u00fd n\u011bjak\u00fd obr\u00e1zek nebo sv\u00edcen (a j\u00e1 si p\u0159esn\u011b nepamatuju, co je\u0161t\u011b m\u00e1m), tak jsem se rozhodla vytvo\u0159it tyto str\u00e1nky (e-shop). Tak V\u00e1m m\u016f\u017eu poslat odkaz a Vy uvid\u00edte, z \u010deho m\u016f\u017eete vyb\u00edrat. Nejlep\u0161\u00ed ale je p\u0159ij\u00edt se pod\u00edvat ke mn\u011b do ambulance ve \u017d\u010f\u00e1\u0159e nad S\u00e1zavou (i bez terapie \ud83d\ude01) a kouknout se na obr\u00e1zky v re\u00e1lu. Maj\u00ed toti\u017e jinou energii ne\u017e na fotce. P\u0159\u00edpadn\u011b je mo\u017en\u00e9 m\u011b kontaktovat a obr\u00e1zek si u m\u011b vyzvednout. Pokud je ale n\u011bkdo zdaleka, je samoz\u0159ejm\u011b mo\u017enost cokoliv poslat. V\u00fdrobky se budou na str\u00e1nk\u00e1ch objevovat a mizet podle toho, co namaluji nebo co si kdo vyzvedne.<\/p>\n<p align=\"justify\">Obr\u00e1zky maluju tak, jak m\u011b zrovna napadne. I barvy si m\u00edch\u00e1m poka\u017ed\u00e9 jinak. Proto se nikdy nestane, \u017ee by se objevily dva stejn\u00e9 obr\u00e1zky nebo sv\u00edcny. To se net\u00fdk\u00e1 hrne\u010dk\u016f a ta\u0161ek, proto\u017ee tam jsem obr\u00e1zky namalovala a m\u016f\u017eu je tak opakovan\u011b tisknout \u263a\ufe0f.<\/p>\n<p align=\"justify\">Pokud se V\u00e1m moje tvorba l\u00edb\u00ed, budu r\u00e1da, kdy\u017e se o mn\u011b zm\u00edn\u00edte sv\u00fdm p\u0159\u00e1tel\u016fm, abych mohla \u0161\u00ed\u0159it svoji radost vesele d\u00e1l \u2764\ufe0f.<\/p>","protected":false},"excerpt":{"rendered":"<p>Ahoj! V\u00edt\u00e1m V\u00e1s na str\u00e1nk\u00e1ch srdcemproradost.cz. Tyto str\u00e1nky jsou pln\u00e9 radosti, l\u00e1sky, relaxace a pozitivn\u00ed energie. A jak vlastn\u011b vznikly? Jsem fyzioterapeutka, kter\u00e1 v\u00a0sob\u011b v\u00a0dob\u011b covidu objevila kreativn\u00edho ducha. Nejprve jsem za\u010dala malovat pro radost sob\u011b a pozd\u011bji jsem zjistila, \u017ee m\u00e9 v\u00fdrobky ned\u011blaj\u00ed radost jenom mn\u011b, ale i lidem okolo m\u011b. A tak jsem [&hellip;]<\/p>\n","protected":false},"author":1,"featured_media":0,"parent":0,"menu_order":0,"comment_status":"closed","ping_status":"closed","template":"","meta":{"ngg_post_thumbnail":0,"footnotes":""},"class_list":["post-242","page","type-page","status-publish","hentry"],"_links":{"self":[{"href":"http:\/\/www.srdcemproradost.cz\/obchod\/wp-json\/wp\/v2\/pages\/242","targetHints":{"allow":["GET"]}}],"collection":[{"href":"http:\/\/www.srdcemproradost.cz\/obchod\/wp-json\/wp\/v2\/pages"}],"about":[{"href":"http:\/\/www.srdcemproradost.cz\/obchod\/wp-json\/wp\/v2\/types\/page"}],"author":[{"embeddable":true,"href":"http:\/\/www.srdcemproradost.cz\/obchod\/wp-json\/wp\/v2\/users\/1"}],"replies":[{"embeddable":true,"href":"http:\/\/www.srdcemproradost.cz\/obchod\/wp-json\/wp\/v2\/comments?post=242"}],"version-history":[{"count":20,"href":"http:\/\/www.srdcemproradost.cz\/obchod\/wp-json\/wp\/v2\/pages\/242\/revisions"}],"predecessor-version":[{"id":704,"href":"http:\/\/www.srdcemproradost.cz\/obchod\/wp-json\/wp\/v2\/pages\/242\/revisions\/704"}],"wp:attachment":[{"href":"http:\/\/www.srdcemproradost.cz\/obchod\/wp-json\/wp\/v2\/media?parent=242"}],"curies":[{"name":"wp","href":"https:\/\/api.w.org\/{rel}","templated":true}]}}